ue
Suppose 6*j - 15*j + 38565 = 0. Is j prime?
False
Let d(t) = 108*t**3 + 12*t**2 - 36*t - 13. Is d(5) a composite number?
True
Suppose -w + 3 = 0, y + 3*w - 19 = -y. Suppose 0 = -y*d - p + 5, 5*d - d - 5*p = -25. Suppose d = 4*c + 4*u - 980, -3*c - c = u - 992. Is c a prime number?
False
Suppose -2*k - 3 + 7 = 0. Let h(s) = -s**3 + 8*s**2 - 5 - s**k + 9*s - 3*s. Is h(4) composite?
False
Let m(q) be the first derivative of -q**4/4 - 11*q**3/3 - 7*q**2 + 21*q + 15. Is m(-13) a composite number?
False
Let z = -54 - -63. Let o(i) = 3*i**2 + 20*i + 4. Is o(z) prime?
False
Let w(g) = -2116*g - 249. Is w(-25) a prime number?
False
Let d(f) = 6*f + 2. Suppose -4 = a + a. Let h be d(a). Is 1*h/4*-62 a prime number?
False
Suppose -20 = -4*y, -4*y + 1907 = 4*c + 5367. Let j = 1407 + -38. Let d = c + j. Is d prime?
True
Suppose y - 19442 = -4135. Is y composite?
False
Let x(h) = 42*h + 7. Let a be x(4). Let u = a + -52. Is u prime?
False
Suppose 0 = -2*k - 4 + 8. Suppose -19 = -l + 5*p, -k*l + 5*l - 3*p = 21. Suppose 0 = l*w - 4*i - 204, 2*i - 8 = -0. Is w a composite number?
True
Suppose -2*i = 5*m - 52269, -10463 = -m - 149*i + 144*i. Is m prime?
True
Let u = 10789 - 6752. Is u prime?
False
Let v = 1264 - 795. Let y = v + 86. Let d = 400 + y. Is d composite?
True
Let p(k) = k**3 - 11*k**2 - 11*k - 14. Let r be p(12). Is 747 - -1 - 6/r prime?
True
Let c be 19030/(-25) - 16/20. Let b(y) = y - 10. Let o be b(0). Is (5/o)/(3/c) a composite number?
False
Let a be ((-3)/(-5))/(1/20). Is (-2979)/(-24)*a/9*2 composite?
False
Let o be ((-27)/(-2) + 0)*12/18. Let j(d) = -d**3 + 11*d**2 - 16*d + 19. Is j(o) a composite number?
False
Let g be 0 - (-3 - (2 + -1)). Suppose 2*k + g = 0, -2216 = -4*q + 4*k + 460. Is q prime?
False
Suppose -4*n + n = 3*i + 48, 0 = -n + 3*i - 28. Let j = -21 - n. Let h = 49 - j. Is h composite?
True
Let u be ((-12)/15)/((-2)/10). Let p be -3 - 12/(u*-1). Suppose -2*d = 4*o - 164, -o + 2*d + p*d = -51. Is o a prime number?
True
Let j = -28 + 10. Let m be j/(-5) - 8/(-20). Suppose 4*g - 5*p = 649, -7*p - m = -3*p. Is g a prime number?
False
Suppose 1988 = 4*g + u - 3*u, 4*u = -5*g + 2459. Suppose g = 7*c - 1556. Is c a composite number?
False
Is ((-916)/8 - 2)/((-4)/8) composite?
False
Let d(y) = 236*y**2 - 3*y + 8. Is d(-5) a prime number?
True
Let m = 19798 + -8841. Is m a composite number?
False
Let i = -2023 + 3732. Is i prime?
True
Let v(p) be the third derivative of -p**5/60 - p**4/24 + 449*p**3/6 + 7*p**2. Is v(0) a composite number?
False
Let d(b) = 5*b**3 + 16*b**2 + 9*b - 1. Is d(6) prime?
True
Let m = 44855 + 6496. Is m prime?
False
Suppose -14*j = -9*j - 60925. Is j a composite number?
True
Let m be (-56)/(-20) - 3 - 4806/(-5). Suppose x - m = 850. Is x prime?
True
Let m be (-58)/(-6) - (-14)/(-21). Suppose -u + 13 = 4*q, -3*q + 2*u + 27 = m. Suppose -500 = -4*n + 2*y, -4*y = -q*n + 457 + 35. Is n prime?
True
Suppose -z = -2*y + 14, -5*y = 2*z + 19 + 27. Suppose -c - 1 = 3. Is c/z - (-1879)/9 composite?
True
Let v(m) = m**2 - 3*m - 8. Let g be v(3). Is (3260/12 + -3)/(g/(-12)) prime?
False
Let x(o) = 8*o**2 + 10*o - 4. Let w(c) = 12*c**2 + 15*c - 6. Let z(i) = 5*w(i) - 7*x(i). Is z(-3) a composite number?
False
Let k(w) = -w**3 - 21*w**2 - 23*w + 44. Is k(-21) a prime number?
False
Let o(s) = -14 + 4*s**2 + 5*s**2 + 3*s**2 - 9*s - 6*s**2. Is o(-13) a prime number?
True
Suppose -15*b = -1563 + 228. Is b prime?
True
Let l = -2 + 6. Suppose -i + l*i - 5*m = -905, -595 = 2*i - 5*m. Let n = i - -525. Is n composite?
True
Suppose -29*y + 21*y = -1408. Let q = y - 35. Is q a prime number?
False
Suppose -12 = -u - 3*u. Suppose 3 = 5*s + 8, 2*s = -u*z + 478. Let f = -71 + z. Is f composite?
False
Let n be 33/9 + 1/3. Suppose f = -2, 4*k + 470 = 7*k - n*f. Suppose 5*r - k = 2*h + 31, -120 = -4*r - 4*h. Is r prime?
False
Is (3 - (-20)/(-5))*(-40165)/5 a prime number?
False
Let g be -4 + 76/18 + 20/(-9). Let a(q) = 352*q**2 - 3. Is a(g) a composite number?
True
Let q(k) = 772*k + 31. Is q(10) composite?
True
Let q(a) = 52*a**2 + 125*a + 8. Is q(-13) a prime number?
False
Suppose -x - 141 = -2984. Is x a prime number?
True
Let f(a) be the third derivative of a**6/12 - a**5/120 - a**4/12 + 2*a**3/3 + 3*a**2. Let q(b) be the first derivative of f(b). Is q(3) composite?
True
Let c(d) = 55*d + 6. Let x(r) be the third derivative of 9*r**4/4 + 5*r**3/6 - r**2. Let y(j) = 6*c(j) - 5*x(j). Is y(7) a prime number?
True
Let s(j) = j**3 - 12*j**2 + 12*j - 8. Let a be 3/4 - 41/(-4). Let c be s(a). Let m(d) = 100*d - 7. Is m(c) a composite number?
False
Let c = 25 + -32. Let t = c - -8. Is (t/2)/((-2)/(-76)) a prime number?
True
Let y be 2 - (31*15)/(-3). Let j(g) = 13*g**2 - y*g**3 - 13*g**2. Is j(-1) prime?
True
Let i be (-1)/2*(-12)/3. Let b = -3 - i. Let h = 24 + b. Is h a composite number?
False
Suppose -14*d - 21259 = -7*d. Let r = 5140 + d. Is r composite?
True
Suppose -4*i - 26 = -2*g, 2*i - 2 = -2*g - 2*g. Suppose 5*u + 133 = 2*p, -7*u + 3*u = -g*p + 189. Is p a composite number?
False
Let w = 108 - 105. Suppose 5*h - 6305 = -5*l, 0 = -w*l - 4*h - h + 3787. Is l a prime number?
True
Let c(v) = -v**3 + v**2 - 2*v. Let a = 27 + -27. Let u be c(a). Suppose u = w - 2*w + 251. Is w composite?
False
Let v = -14 + 14. Let u = 1013 + -9. Suppose 4*p + v*p = u. Is p a prime number?
True
Suppose 105 = 5*l - 0*l. Let a = -17 + l. Suppose a*d - m - 149 = 0, 5*d - 3*d - 75 = m. Is d a prime number?
True
Let b(q) be the first derivative of 12*q**2 + 41*q - 11. Is b(14) a prime number?
False
Is (-5)/(-10)*0 + 12941 a prime number?
True
Suppose 4*l = -4*q + 4, -5*q - 49 = -2*l - 2*l. Let a be (-584)/(-10) - l/15. Let g = 89 - a. Is g composite?
False
Suppose 3*u = -j - 5, 5*u - j - 5 = 4*u. Let p(a) = -a**2 + a + 467. Is p(u) composite?
False
Let t(o) = o**3 - 32*o**2 - 99*o + 245. Is t(47) a composite number?
True
Let l(f) = 3220*f**2 - 6*f + 1. Is l(-2) a prime number?
True
Suppose 0 = 2*o - 0*d + 2*d - 12944, 12 = 4*d. Is o a prime number?
True
Let v = -23 - -29. Is (v/24)/(1/2084) prime?
True
Let k(f) = 157*f - 48*f + 110*f + 60*f + 7. Is k(2) a composite number?
True
Suppose -5*h + 7303 = 5*x - 6272, 2*h = -3*x + 8149. Is x prime?
True
Let q(j) = 13308*j + 391. Is q(4) a composite number?
False
Suppose 0 = 5*x - 20*x + 110880. Let n = x + -4894. Is n prime?
False
Let l(b) = b**3 + 4*b**2 - b + 1. Let m be l(-4). Let y(i) = -i**3 + 7*i**2 + 4*i - 11. Is y(m) composite?
False
Let o(l) be the third derivative of 137*l**5/60 + l**4/4 - l**3/3 - 6*l**2. Is o(5) prime?
False
Suppose 0 = 2*f + 6, -3*f - 72 = 2*n - 5*n. Suppose 203 = 22*u - n*u. Is u a prime number?
False
Let s be 12/(-16)*(-4)/1. Suppose 45 - 495 = -s*m. Let t = 259 - m. Is t a prime number?
True
Suppose 4*y - z = -5376, -2*y - 1769 - 941 = 5*z. Let j be y/(-2) - (-1)/(-2). Suppose 2*m + i - 331 = 0, 4*i = -7*m + 3*m + j. Is m prime?
True
Suppose 0 = -2*q + 3*m + 3327, -q + 0*q + 2*m + 1666 = 0. Let v = 2697 - q. Is v composite?
True
Suppose -4*q = -7*q + 3*i + 36138, 0 = -4*q - 4*i + 48208. Is q composite?
False
Is (-1453663)/(-785)*-10*2/(-4) a prime number?
False
Let z(q) = -70*q - 6. Let o be z(-7). Suppose 0 = -3*s - 2*i + o, -2*s + 3*i + 489 = s. Let a = s - 88. Is a prime?
False
Let s(i) = -i**2 - 4*i - 2. Let g be s(-4). Let v be (g*(6 - 4))/(-2). Suppose u + v*p - 309 = 7*p, 8 = -4*p. Is u composite?
True
Is ((-133)/38 + (-12)/(-3))*10154 a prime number?
True
Suppose -2*i + 2661 = -1189. Suppose 5*x - i = 5*g, 3*x + x - 1537 = 5*g. Suppose 0 = -4*f + 3*u + 1160, 503 = 3*f + 3*u - x. Is f a composite number?
False
Is 17744 - (2/8 - 481/148) prime?
True
Is (-8)/36*-3*(-436887)/(-18) a composite number?
True
Suppose -4004 = -3*q + 2*z + 2300, 0 = 3*q - z - 6305. Suppose -8*r = -q - 1826. Is r a prime number?
True
Is ((-15974)/(-6) + 3 - 1)*3 a prime number?
True
Is ((-138)/(-8))/(102/2312) a prime number?
False
Let t(b) = -17*b - 50. Let c be t(-12). Suppose 4*y = -20, -3*s = 4*y - 3*y - c. Is s prime?
True
Suppose 0 = p + l - 198, -4*p = -3*l - l - 824. Suppose -695 = -3*n + 2*g, -n + 4*g + p = -23. Is n prime?
True
Let k(c) = -c**3 + 8*c**2 + 2*c - 7. Let v be k(-6). Let r = 124 + -119. Suppose r*q = 4*z + 785, 4*q - v - 134 = 5*z. Is q a composite number?
True
Let o = -8 - -8. S